est common factor of 423 and 898704.
9
Calculate the greatest common divisor of 13546 and 630318.
26
Calculate the greatest common factor of 1825 and 114337199.
73
What is the highest common factor of 31878 and 219582?
198
What is the highest common factor of 3486359 and 11206?
431
What is the highest common divisor of 31605677 and 5068?
181
Calculate the highest common divisor of 78 and 1595535123.
39
What is the greatest common factor of 252799 and 17553947?
3463
What is the highest common divisor of 96 and 15808724?
4
What is the highest common divisor of 350612 and 1085002?
4738
Calculate the highest common factor of 8736 and 110942.
26
Calculate the greatest common factor of 29698 and 1271.
31
What is the highest common divisor of 1708 and 273532?
28
Calculate the greatest common divisor of 19700772 and 6.
6
What is the greatest common factor of 2303 and 124803?
49
What is the greatest common factor of 1436 and 7220?
4
Calculate the highest common divisor of 343536 and 17366250.
2526
What is the highest common divisor of 9196512 and 121056?
1248
What is the highest common factor of 99899190 and 15?
15
What is the highest common factor of 420 and 410370?
30
Calculate the highest common divisor of 374233 and 64607.
1219
What is the greatest common divisor of 1000431 and 19251?
621
What is the highest common divisor of 2388545 and 264045?
3035
Calculate the greatest common divisor of 4879 and 2207399.
697
What is the greatest common factor of 1688844 and 978618?
1266
What is the greatest common factor of 54 and 6434829?
27
Calculate the highest common divisor of 20513836 and 703.
37
What is the greatest common factor of 66 and 47287878?
66
What is the highest common factor of 53320 and 411080?
1720
Calculate the greatest common factor of 1850440 and 143480.
40
Calculate the greatest common divisor of 110604818 and 94.
94
Calculate the greatest common factor of 2772 and 180621210.
462
Calculate the greatest common divisor of 1037820 and 195.
15
What is the greatest common divisor of 209632954 and 4?
2
Calculate the greatest common divisor of 279 and 236517.
3
What is the greatest common factor of 14335 and 289140?
305
Calculate the highest common factor of 39116867 and 1135.
227
Calculate the highest common factor of 62800945 and 15.
5
Calculate the greatest common divisor of 211 and 2586314565.
211
What is the greatest common factor of 134740 and 7400?
20
Calculate the highest common divisor of 80316 and 21781.
23
Calculate the greatest common factor of 23528 and 13192.
136
What is the highest common factor of 50609286 and 324?
162
What is the greatest common divisor of 10414668 and 75044?
1028
Calculate the highest common divisor of 7688089 and 105772.
853
What is the greatest common divisor of 5560 and 665498640?
5560
Calculate the greatest common factor of 623840 and 416960.
160
Calculate the highest common factor of 73715868 and 2952.
1476
Calculate the highest common factor of 78601 and 26228.
83
Calculate the greatest common factor of 14024 and 61632.
8
Calculate the highest common factor of 30 and 45749028.
6
Calculate the highest common divisor of 4966 and 44571760.
382
Calculate the highest common factor of 186723124 and 196.
196
What is the greatest common factor of 952 and 108207448?
136
What is the highest common divisor of 5621196 and 420?
84
Calculate the greatest common divisor of 94334 and 1649911.
467
What is the highest common factor of 20482960 and 152?
8
What is the highest common divisor of 3738080 and 830344?
3064
Calculate the greatest common factor of 520888632 and 6.
6
Calculate the greatest common divisor of 77 and 385990.
11
What is the highest common factor of 7501170 and 16470?
1830
What is the greatest common divisor of 4566606 and 2?
2
Calculate the greatest common divisor of 16434 and 69102.
198
What is the greatest common factor of 55017 and 37949504?
6113
Calculate the greatest common divisor of 5968812 and 4512.
564
What is the highest common factor of 150 and 404370?
30
Calculate the greatest common factor of 5224208 and 638.
22
Calculate the highest common divisor of 3482 and 7700.
2
Calculate the greatest common divisor of 262318 and 742.
14
Calculate the greatest common divisor of 60 and 31394445.
15
Calculate the greatest common divisor of 1004928 and 28787.
2617
Calculate the greatest common divisor of 32631645 and 305.
305
What is the highest common divisor of 2809544 and 27416?
1192
What is the highest common divisor of 106090 and 170465?
515
Calculate the highest common divisor of 3628 and 196.
4
Calculate the greatest common divisor of 182800 and 6601822.
914
What is the greatest common divisor of 10266170 and 1209110?
7510
What is the greatest common divisor of 45290 and 107157434?
1294
What is the highest common divisor of 18662 and 54487708?
2666
Calculate the greatest common divisor of 3987540 and 127620.
180
What is the greatest common divisor of 73245263 and 182?
91
What is the greatest common factor of 58141773 and 1269?
1269
Calculate the greatest common factor of 39257492 and 1112.
556
Calculate the highest common factor of 5819 and 57959.
11
What is the highest common factor of 3220 and 3767492?
92
Calculate the greatest common divisor of 733873 and 245.
49
What is the highest common factor of 31590486 and 378?
54
Calculate the greatest common divisor of 4590807 and 16536.
2067
What is the highest common factor of 26996 and 215339?
17
What is the highest common factor of 820 and 570880?
20
What is the greatest common divisor of 20672886 and 78?
78
What is the greatest common factor of 680 and 6086510?
170
Calculate the highest common factor of 8813259 and 546.
273
Calculate the greatest common factor of 8552875 and 1375.
125
What is the highest common factor of 13794780 and 36?
12
What is the greatest common divisor of 16 and 6959024?
16
Calculate the highest common factor of 144265 and 6672611.
473
Calculate the highest common factor of 68423452 and 9186.
3062
What is the greatest common factor of 1008 and 279036?
36
What is the highest common divisor of 222 and 25941662?
74
What is the highest common divisor of 2962 and 93882071?
1481
What is the greatest common factor of 306 and 24865356?
102
What is the greatest common divisor of 128571579 and 27?
9
What is the highest common factor of 332425838 and 158?
158
What is the greatest common factor of 76258 and 10283?
91
What is the highest common factor of 4115644 and 5252?
52
Calculate the highest common factor of 1120 and 3227504.
112
Calculate the highest common factor of 84959294 and 2198.
2198
Calculate the greatest common divisor of 29377 and 57014.
29
What is the highest common factor of 1381120 and 19840?
640
Calculate the greatest common divisor of 9184647 and 227.
227
Calculate the highest common divisor of 2 and 17601963.
1
Calculate the greatest common divisor of 2048 and 27680.
32
What is the highest common divisor of 2580 and 36460?
20
What is the highest common divisor of 173079614 and 164?
82
What is the highest common factor of 870 and 26518335?
15
What is the greatest common factor of 168305 and 185?
5
Calculate the greatest common factor of 3663169 and 37067.
101
What is the highest common divisor of 21449812 and 14328?
796
Calculate the highest common factor of 123162 and 1586.
26
What is the greatest common factor of 421407 and 2394?
63
What is the highest common factor of 43199 and 6423359?
3323
What is the greatest common factor of 521184 and 91848?
2136
What is the highest common factor of 11123575 and 4075?
25
What is the greatest common factor of 140 and 18246515?
35
What is the greatest common divisor of 195 and 1524692?
13
What is the greatest common factor of 22 and 328232938?
22
What is the highest common divisor of 9152031 and 6?
3
What is the highest common factor of 20396519 and 5434?
2717
What is the highest common factor of 274974 and 20328?
42
What is the greatest common divisor of 77232 and 16706247?
4827
Calculate the highest common factor of 15 and 7376175.
15
Calculate the greatest common divisor of 6487 and 1394562.
13
What is the greatest common divisor of 42199 and 114570?
19
What is the greatest common divisor of 2058558 and 114948?
618
What is the highest common factor of 143 and 23440742?